{"version":"1.0","provider_name":"AERA","provider_url":"https:\/\/www.aera-sa.fr\/de\/","author_name":"ameyer","author_url":"https:\/\/www.aera-sa.fr\/de\/author\/ameyer\/","title":"CFIA RENNES 2023 - AERA","type":"rich","width":600,"height":338,"html":"<blockquote class=\"wp-embedded-content\" data-secret=\"cD8auz17YN\"><a href=\"https:\/\/www.aera-sa.fr\/de\/2023\/02\/10\/cfia-rennes-2023\/\">CFIA RENNES 2023<\/a><\/blockquote><iframe sandbox=\"allow-scripts\" security=\"restricted\" src=\"https:\/\/www.aera-sa.fr\/de\/2023\/02\/10\/cfia-rennes-2023\/embed\/#?secret=cD8auz17YN\" width=\"600\" height=\"338\" title=\"&#8222;CFIA RENNES 2023&#8220; &#8211; AERA\" data-secret=\"cD8auz17YN\" frameborder=\"0\" marginwidth=\"0\" marginheight=\"0\" scrolling=\"no\" class=\"wp-embedded-content\"><\/iframe><script>\n\/*! This file is auto-generated *\/\n!function(d,l){\"use strict\";l.querySelector&&d.addEventListener&&\"undefined\"!=typeof URL&&(d.wp=d.wp||{},d.wp.receiveEmbedMessage||(d.wp.receiveEmbedMessage=function(e){var t=e.data;if((t||t.secret||t.message||t.value)&&!\/[^a-zA-Z0-9]\/.test(t.secret)){for(var s,r,n,a=l.querySelectorAll('iframe[data-secret=\"'+t.secret+'\"]'),o=l.querySelectorAll('blockquote[data-secret=\"'+t.secret+'\"]'),c=new RegExp(\"^https?:$\",\"i\"),i=0;i<o.length;i++)o[i].style.display=\"none\";for(i=0;i<a.length;i++)s=a[i],e.source===s.contentWindow&&(s.removeAttribute(\"style\"),\"height\"===t.message?(1e3<(r=parseInt(t.value,10))?r=1e3:~~r<200&&(r=200),s.height=r):\"link\"===t.message&&(r=new URL(s.getAttribute(\"src\")),n=new URL(t.value),c.test(n.protocol))&&n.host===r.host&&l.activeElement===s&&(d.top.location.href=t.value))}},d.addEventListener(\"message\",d.wp.receiveEmbedMessage,!1),l.addEventListener(\"DOMContentLoaded\",function(){for(var e,t,s=l.querySelectorAll(\"iframe.wp-embedded-content\"),r=0;r<s.length;r++)(t=(e=s[r]).getAttribute(\"data-secret\"))||(t=Math.random().toString(36).substring(2,12),e.src+=\"#?secret=\"+t,e.setAttribute(\"data-secret\",t)),e.contentWindow.postMessage({message:\"ready\",secret:t},\"*\")},!1)))}(window,document);\n\/\/# sourceURL=https:\/\/www.aera-sa.fr\/wp-includes\/js\/wp-embed.min.js\n<\/script>\n","thumbnail_url":"https:\/\/www.aera-sa.fr\/wp-content\/uploads\/2023\/02\/Capture.jpg","thumbnail_width":529,"thumbnail_height":259,"description":"CFIA 2023 AERA war auf der Messe CFIA vom 14. bis 16 M\u00e4rz 2023 in Rennes. Es war eine Freude f\u00fcr unser Vertriebsteam Sie auf der Messe zu begr\u00fc\u00dfen. Gerne haben wir uns mit Ihnen \u00fcber Ihre Bed\u00fcrfnisse ausgetauscht und Ihnen unser L\u00f6sungen und Neuerungen im Bereich de Lebensmittelindustrie vorgestellt."}

CFIA 2023 AERA war auf der Messe CFIA vom 14. bis 16 März 2023 in Rennes. Es war eine Freude für unser Vertriebsteam Sie auf der Messe zu begrüßen. Gerne haben wir uns mit Ihnen über Ihre Bedürfnisse ausgetauscht und Ihnen unser Lösungen und Neuerungen im Bereich de Lebensmittelindustrie vorgestellt.
